e 3, what is -2111 - -2110201?
2101020
In base 14, what is 2 + -807?
-805
In base 16, what is d9 + -c0?
19
In base 16, what is -6efae - -4?
-6efaa
In base 14, what is 42bc6 + -5?
42bc1
In base 13, what is 14 - -1939?
1950
In base 5, what is 1 - 11132044?
-11132043
In base 9, what is 3 + 120566?
120570
In base 2, what is -101001001101000010 + 110?
-101001001100111100
In base 16, what is 0 - 3014?
-3014
In base 16, what is -3 + -2dda?
-2ddd
In base 8, what is 64 + -17?
45
In base 5, what is 2322 - -210024?
212401
In base 13, what is 36 + 1a60?
1a96
In base 16, what is 17c + -13?
169
In base 13, what is -3 - 61117?
-6111a
In base 12, what is 2723a - -4?
27242
In base 8, what is -1027 - -13?
-1014
In base 13, what is -6 - -60b7?
60b1
In base 11, what is 0 + 18036?
18036
In base 10, what is 467 + -34?
433
In base 10, what is -636555 - 1?
-636556
In base 16, what is 24f + a?
259
In base 7, what is -32 + 1111332?
1111300
In base 3, what is -10 + -12000120?
-12000200
In base 11, what is 142 + -39?
104
In base 9, what is 3 - 637317?
-637314
In base 2, what is -101 - -1110101101111111?
1110101101111010
In base 15, what is -a58 + -14?
-a6c
In base 13, what is 3 + -836c9?
-836c6
In base 9, what is -214600 + -5?
-214605
In base 7, what is 10242 + -31?
10211
In base 8, what is -11366224 - -3?
-11366221
In base 15, what is 5 + 3dd53?
3dd58
In base 12, what is -4 + -947?
-94b
In base 4, what is -3230020 - -1003?
-3223011
In base 15, what is -12 - 1162?
-1174
In base 8, what is 106256 - 15?
106241
In base 9, what is -12 + 8734?
8722
In base 9, what is 26 - 5182?
-5155
In base 5, what is 22214 - -214?
22433
In base 14, what is -54 + 42?
-12
In base 14, what is 159 + 19?
174
In base 9, what is 706 - 850?
-143
In base 9, what is 656548 - 2?
656546
In base 13, what is -60285 + 2?
-60283
In base 8, what is -2 + 43732?
43730
In base 10, what is 2 - -51545?
51547
In base 6, what is 11 - -235201?
235212
In base 3, what is 20020 + 1200?
21220
In base 5, what is -1042303 + 23?
-1042230
In base 11, what is -5 - -204?
1aa
In base 9, what is -5 + 161732?
161726
In base 5, what is -4033 - -203?
-3330
In base 7, what is 14 - -445243?
445260
In base 4, what is -11 - -223020021?
223020010
In base 4, what is 32033 + 221?
32320
In base 3, what is -11 + -102211110?
-102211121
In base 4, what is 10 + 12232000?
12232010
In base 9, what is -13102371 + -2?
-13102373
In base 9, what is -12678 - -4?
-12674
In base 13, what is 349426 - -3?
349429
In base 12, what is -23588 - -5?
-23583
In base 16, what is 73b + -126?
615
In base 15, what is 2c - -3cb3?
3ce0
In base 8, what is 47 + 2023?
2072
In base 7, what is -25 + 16145?
16120
In base 2, what is -10 + -111100110011?
-111100110101
In base 5, what is 11402214 - -3?
11402222
In base 6, what is 10 + -3031542?
-3031532
In base 12, what is -58 + 59b3?
5957
In base 16, what is -3 + -1503?
-1506
In base 14, what is -2322 + -9c?
-23c0
In base 9, what is 5 + -1183563?
-1183557
In base 5, what is -12 + -144341?
-144403
In base 5, what is 41301 + -14122?
22124
In base 7, what is -1242 - -1132?
-110
In base 13, what is -a41a + 2c?
-a3bb
In base 6, what is -2020 - 32213?
-34233
In base 3, what is -2200101202 + -211?
-2200102120
In base 2, what is 100110000 + -10100110?
10001010
In base 14, what is -25c8 + 1c3?
-2405
In base 6, what is -33 + 53153?
53120
In base 3, what is -20 + -1011102020010?
-1011102020100
In base 4, what is 1030130300 - -1?
1030130301
In base 16, what is -10 - 17?
-27
In base 9, what is -413822 - 1?
-413823
In base 8, what is -3 - -1021663?
1021660
In base 6, what is 10 - 40311?
-40301
In base 16, what is -3 + 8dd?
8da
In base 16, what is -4 - 35845?
-35849
In base 7, what is 1065 + -21?
1044
In base 2, what is 10000010110 + -10111001?
1101011101
In base 5, what is -1201 + 202043?
200342
In base 4, what is 32122 - 310?
31212
In base 9, what is -273834 + 3?
-273831
In base 13, what is -591 - 1303?
-1894
In base 3, what is -111000220 + -12?
-111001002
In base 14, what is 0 - -26610?
26610
In base 7, what is 142456 + -2?
142454
In base 15, what is 44 - e9?
-a5
In base 7, what is 13 + -3460?
-3444
In base 7, what is 303 - 4664?
-4361
In base 4, what is 20320322022 + 10?
20320322032
In base 3, what is 12202222002 + 1220?
12210000222
In base 16, what is 5 - -b1368?
b136d
In base 11, what is -13a991 + 2?
-13a98a
In base 7, what is 10143 + 12?
10155
In base 15, what is 913 + -9bd?
-aa
In base 8, what is 112 - 351?
-237
In base 9, what is -18245 + -1?
-18246
In base 15, what is 1b1e - -31?
1b50
In base 15, what is 2 - -eb87?
eb89
In base 11, what is -359aa + -2?
-35a01
In base 9, what is 1 - 5186?
-5185
In base 12, what is 985 + -13?
972
In base 12, what is -38848 + 2?
-38846
In base 13, what is 33 + 2060?
2093
In base 8, what is -1135 - -21064?
17727
In base 13, what is -4cc + 105?
-3c7
In base 11, what is a3123 + 0?
a3123
In base 11, what is -421079 + 0?
-421079
In base 5, what is 124244 + 10?
124304
In base 8, what is 160700 + -3?
160675
In base 2, what is 100 - -1000010100000101?
1000010100001001
In base 6, what is 320504221 + 0?
320504221
In base 16, what is 2a6 - -3f0?
696
In base 15, what is 5 - -771c?
7722
In base 14, what is -21 + -390?
-3b1
In base 9, what is -11 + -35142?
-35153
In base 14, what is -1 + -7558?
-7559
In base 6, what is -1210 - -423?
-343
In base 12, what is 2a54 + -a7?
2969
In base 12, what is 3 - -204835?
204838
In base 9, what is 178080 + 2?
178082
In base 3, what is -220020122 + -22?
-220020221
In base 12, what is -69 - -7ba4?
7b37
In base 3, what is 12222 - -11211?
101210
In base 14, what is 9d41 + -9?
9d36
In base 15, what is -4 - -19b1?
19ac
In base 3, what is 210220221010 + -12?
210220220221
In base 13, what is -19 + 120?
104
In base 13, what is -5 + -3170?
-3175
In base 2, what is 1001110000111001 + 11?
1001110000111100
In base 16, what is -248 + 6?
-242
In base 12, what is -2547 - 11?
-2558
In base 9, what is -74 - -16052?
15867
In base 11, what is 2 + 388a?
3891
In base 15, what is -ab3 - 1e4?
-ca7
In base 12, what is -17719 + 54?
-17685
In base 7, what is -156 - -1225?
1036
In base 7, what is -6 + -512453?
-512462
In base 5, what is -203102111 - 4?
-203102120
In base 3, what is 1121021 + 12110?
1210201
In base 3, what is 101021220 + -2100?
101012120
In base 6, what is -11 - -1204104?
1204053
In base 16, what is -3 - 15ece0?
-15ece3
In base 10, what is 136 + 827?
963
In base 11, what is -56653 - -2?
-56651
In base 14, what is 3569 + -1?
3568
In base 5, what is 1214044100 - -1?
1214044101
In base 6, what is 30 - -1534?
2004
In base 16, what is -3 - de70?
-de73
In base 12, what is -304 - 10b7?
-13bb
In base 13, what is -1a80 + 479?
-1604
In base 5, what is -10032 - 221?
-10303
In base 5, what is 14 + -323?
-304
In base 6, what is 34512450 - -5?
34512455
In base 6, what is -1324312 + -3?
-1324315
In base 3, what is 1120202122 + -1?
1120202121
In base 15, what is 154b - 58?
14e3
In base 8, what is 173 - 1733?
-1540
In base 10, what is -1524 - -3?
-1521
In base 11, what is 1 - 33235?
-33234
In base 14, what is -5 + 1b22?
1b1b
In base 14, what is 1 - -59325?
59326
In base 12, what is -10b + 981?
872
In base 2, what is 1110000100101 - -110?
1110000101011
In base 14, what is 105 - 24?
c1
In base 4, what is -33201 + 30113?
-3022
In base 4, what is 2102320 - -23?
2103003
In base 8, what is -77 - -576?
477
In base 9, what is -3 - -56305?
56302
In base 12, what is -48 + 6a39?
69b1
In base 12, what is -2 - 12b77b?
-12b781
In base 10, what is -7 - -9372?
9365
In base 14, what is -5d86 + 5b?
-5d29
In base 10, what is -5 - -69066?
69061
In base 5, what is 3030440 + -121?
3030314
In base 7, what is 44663 + -1?
44662
In base 3, what is -10 - -101012212?
101012202
In base 3, what is -21 - -2012111212?
2012111121
In base 8, what is -1612 - -65?
-1525
In base 13, what is 2 - 1277a8?
-1277a6
In base 11, what is 21410 + -3?
21408
In base 7, what is -3434160 + 4?
-3434153
In base 14, what is 6 + -1cd2?
-1cca
In base 14, what is 179 - 8?
171
In base 7, what is 4 + 555013?
555020
In base 16, what is -21d3 - -6?
-21cd
In base 5, what is 4311333 - 1?
4311332
In base 9, what is -3 + -57581?
-57584
In base 10, what is 3 - -6581?
6584
In base 9, what is -1762647 + 2?
-1762645
In base 10, what is 160186 + 5?
160191
In base 9, w